 divided by 618.
616
What is the remainder when 8691 is divided by 1731?
36
What is the remainder when 135462 is divided by 211?
0
What is the remainder when 70068 is divided by 182?
180
Calculate the remainder when 158603 is divided by 212.
27
What is the remainder when 2644 is divided by 176?
4
What is the remainder when 224 is divided by 100?
24
What is the remainder when 416 is divided by 97?
28
Calculate the remainder when 20026 is divided by 1813.
83
What is the remainder when 2139 is divided by 692?
63
Calculate the remainder when 103606 is divided by 11.
8
What is the remainder when 34435 is divided by 8605?
15
What is the remainder when 1664 is divided by 316?
84
What is the remainder when 841 is divided by 105?
1
What is the remainder when 9337 is divided by 105?
97
What is the remainder when 5903 is divided by 409?
177
Calculate the remainder when 8198 is divided by 4090.
18
Calculate the remainder when 62124 is divided by 30999.
126
Calculate the remainder when 52900 is divided by 311.
30
Calculate the remainder when 17871 is divided by 8855.
161
What is the remainder when 93394 is divided by 23?
14
Calculate the remainder when 345 is divided by 71.
61
Calculate the remainder when 18198 is divided by 8534.
1130
What is the remainder when 37504 is divided by 182?
12
Calculate the remainder when 713019 is divided by 3733.
16
Calculate the remainder when 12827 is divided by 2136.
11
Calculate the remainder when 56237 is divided by 204.
137
What is the remainder when 280691 is divided by 207?
206
Calculate the remainder when 916761 is divided by 250.
11
Calculate the remainder when 699746 is divided by 469.
467
Calculate the remainder when 3977 is divided by 433.
80
Calculate the remainder when 17553 is divided by 1753.
23
Calculate the remainder when 53158 is divided by 110.
28
What is the remainder when 2711 is divided by 217?
107
Calculate the remainder when 661968 is divided by 9880.
8
What is the remainder when 17612 is divided by 881?
873
What is the remainder when 4217 is divided by 158?
109
What is the remainder when 10772 is divided by 1168?
260
Calculate the remainder when 152 is divided by 35.
12
Calculate the remainder when 250814 is divided by 515.
9
What is the remainder when 2819 is divided by 240?
179
What is the remainder when 7061 is divided by 1411?
6
Calculate the remainder when 412 is divided by 69.
67
What is the remainder when 5308 is divided by 881?
22
What is the remainder when 622 is divided by 210?
202
Calculate the remainder when 736363 is divided by 14.
5
What is the remainder when 16 is divided by 2?
0
Calculate the remainder when 1018 is divided by 247.
30
Calculate the remainder when 6094085 is divided by 181.
177
Calculate the remainder when 35192 is divided by 783.
740
What is the remainder when 26945 is divided by 2993?
8
What is the remainder when 6525 is divided by 2127?
144
Calculate the remainder when 124845 is divided by 289.
286
Calculate the remainder when 1757 is divided by 1061.
696
Calculate the remainder when 164416 is divided by 312.
304
Calculate the remainder when 1797 is divided by 51.
12
Calculate the remainder when 13259 is divided by 10.
9
What is the remainder when 16147 is divided by 69?
1
Calculate the remainder when 4231 is divided by 1188.
667
Calculate the remainder when 2589 is divided by 234.
15
What is the remainder when 1291 is divided by 308?
59
Calculate the remainder when 5610 is divided by 621.
21
Calculate the remainder when 14019 is divided by 2733.
354
Calculate the remainder when 8474 is divided by 146.
6
Calculate the remainder when 41854 is divided by 761.
760
Calculate the remainder when 6776 is divided by 618.
596
Calculate the remainder when 1321 is divided by 188.
5
What is the remainder when 2517 is divided by 143?
86
Calculate the remainder when 51507 is divided by 464.
3
Calculate the remainder when 5077 is divided by 155.
117
Calculate the remainder when 536358 is divided by 134089.
2
Calculate the remainder when 979 is divided by 227.
71
What is the remainder when 40958 is divided by 6820?
38
Calculate the remainder when 5582 is divided by 901.
176
What is the remainder when 5024 is divided by 139?
20
What is the remainder when 3503 is divided by 7?
3
What is the remainder when 21604 is divided by 296?
292
What is the remainder when 738 is divided by 85?
58
Calculate the remainder when 5087531 is divided by 31.
28
Calculate the remainder when 3525 is divided by 578.
57
What is the remainder when 10241 is divided by 122?
115
Calculate the remainder when 135958 is divided by 110.
108
Calculate the remainder when 48402 is divided by 21.
18
What is the remainder when 235823 is divided by 66?
5
Calculate the remainder when 139745 is divided by 23289.
11
What is the remainder when 213558 is divided by 22?
4
Calculate the remainder when 86527 is divided by 8.
7
Calculate the remainder when 24766 is divided by 8254.
4
Calculate the remainder when 2161 is divided by 712.
25
What is the remainder when 30969 is divided by 430?
9
Calculate the remainder when 5043273 is divided by 21.
18
Calculate the remainder when 72306 is divided by 10320.
66
What is the remainder when 444 is divided by 66?
48
Calculate the remainder when 8230 is divided by 3549.
1132
What is the remainder when 3128 is divided by 169?
86
What is the remainder when 14474 is divided by 1112?
18
Calculate the remainder when 77538 is divided by 11.
10
What is the remainder when 28013 is divided by 873?
77
What is the remainder when 58207 is divided by 5291?
6
What is the remainder when 204824 is divided by 9749?
95
What is the remainder when 1006 is divided by 63?
61
What is the remainder when 3516 is divided by 1012?
480
Calculate the remainder when 59039 is divided by 53.
50
What is the remainder when 123329 is divided by 15?
14
What is the remainder when 48505 is divided by 42?
37
Calculate the remainder when 6411 is divided by 517.
207
What is the remainder when 107994 is divided by 551?
549
Calculate the remainder when 484440 is divided by 9.
6
Calculate the remainder when 696 is divided by 276.
144
What is the remainder when 341631 is divided by 1560?
1551
Calculate the remainder when 30819 is divided by 56.
19
What is the remainder when 13746 is divided by 254?
30
What is the remainder when 420 is divided by 419?
1
What is the remainder when 6454 is divided by 1617?
1603
Calculate the remainder when 2633 is divided by 1314.
5
What is the remainder when 6705 is divided by 82?
63
What is the remainder when 3953 is divided by 572?
521
Calculate the remainder when 11320 is divided by 1357.
464
What is the remainder when 11748 is divided by 1174?
8
Calculate the remainder when 10005 is divided by 304.
277
Calculate the remainder when 571925 is divided by 597.
596
Calculate the remainder when 1350 is divided by 731.
619
What is the remainder when 78888 is divided by 27?
21
Calculate the remainder when 493 is divided by 5.
3
Calculate the remainder when 16548 is divided by 1931.
1100
What is the remainder when 10280 is divided by 33?
17
Calculate the remainder when 3330 is divided by 466.
68
Calculate the remainder when 10677 is divided by 3463.
288
What is the remainder when 15757 is divided by 5252?
1
Calculate the remainder when 11206 is divided by 95.
91
What is the remainder when 9316 is divided by 1859?
21
Calculate the remainder when 19116 is divided by 427.
328
What is the remainder when 6116 is divided by 411?
362
What is the remainder when 19807 is divided by 1980?
7
Calculate the remainder when 28821 is divided by 261.
111
What is the remainder when 23749 is divided by 139?
119
Calculate the remainder when 425430 is divided by 21.
12
What is the remainder when 360307 is divided by 533?
532
Calculate the remainder when 230582 is divided by 779.
777
What is the remainder when 1434 is divided by 195?
69
Calculate the remainder when 1406978 is divided by 69.
68
Calculate the remainder when 135042 is divided by 320.
2
What is the remainder when 8390 is divided by 2768?
86
Calculate the remainder when 73932 is divided by 2240.
12
Calculate the remainder when 10353 is divided by 235.
13
Calculate the remainder when 131376 is divided by 89.
12
Calculate the remainder when 7710 is divided by 61.